ird derivative of x**8/6720 - x**7/504 + x**6/720 + 7*x**5/120 + 16*x**4/3 + 59*x**2. Let d(b) be the second derivative of v(b). What is d(5)?
12
Let t(o) = o - 8. Let c(g) = -4*g + 25. Let p(q) = 2*c(q) + 7*t(q). Let d(r) = -r**2 - r - 4. Let k be d(3). Let u be (1645/56)/(-5) + 2/k. Calculate p(u).
0
Let r(u) = 2*u**3 + 34*u**2 + 29*u - 32. Suppose -5*c + 4*n - 68 = 0, -27*n + 25 = -c - 30*n. Determine r(c).
16
Let q(w) = -w - 9. Suppose 0*o = -o - 142. Let h = -100 - o. Let s be (-28)/(h/(-6))*(-7)/4. Calculate q(s).
-2
Let s(z) = z**2 + 13*z - 3 - 2*z**2 + 12 + 8*z**2. Let p(b) = 3*b**2 + 6*b + 4. Let j(o) = -5*p(o) + 2*s(o). Determine j(-2).
2
Let x(b) = 2*b + 4. Let s(l) = -2*l**3 + 1. Let v be s(1). Let o(p) = -p - 1. Let u(t) = v*x(t) - 3*o(t). Let h = 100 - 95. What is u(h)?
4
Let d be (-3 - -9)/((-6)/(-33)). Let z = d + -30. Suppose -42 + 14 = 4*y - 2*w, z*y - w = -20. Let c(m) = m**3 + 5*m**2 - 6*m - 4. Determine c(y).
-4
Let b(g) = -g**3 + 6*g**2 + g - 2. Suppose -6*l + 11*l = 30. Let m be b(l). Let i(f) = 18*f**2 - 3*f + m*f + f - f. Determine i(1).
19
Let i(t) = -2*t**2 + 162*t + 504. Let b be i(84). Let y(o) be the third derivative of -1/2*o**3 + b*o + 1/24*o**4 + 16*o**2 + 0. What is y(-3)?
-6
Suppose -70 = -7*s + 5*s. Suppose s*y + 5 = 40*y. Let k(a) = -3*a + 2*a + a - 2*a - y. Give k(2).
-5
Let y = -22 - 5. Let w = y - -18. Let s(d) be the third derivative of d**6/120 + 2*d**5/15 - 3*d**4/8 - d**3 + 13*d**2. Determine s(w).
-6
Suppose -5*d - 2*t - 33 - 20 = 0, 5*d + 61 = 6*t. Let u(p) = 2*p**2 + 18*p - 21. Determine u(d).
23
Let x(r) = r**2 + 12*r + 14. Suppose -5*w - 41*g + 38*g - 9 = 0, 4*w + 15 = -5*g. What is x(w)?
14
Let r(c) be the third derivative of c**7/2520 - c**6/144 - 3*c**5/40 + 11*c**4 - 59*c**2 + 1. Let d(x) be the second derivative of r(x). Give d(8).
15
Let k be 1/(6/324) + -4. Let w(r) = -28*r - 13*r**2 - 22*r + 14*r**2 + k*r. Let t(h) = h**3 - h**2 + h - 2. Let z be t(0). Give w(z).
4
Let c(h) = -h + 250. Let r(k) = 5*k - 1376. Let y(g) = 11*c(g) + 2*r(g). Suppose 2*q = -2*q - 40. Calculate y(q).
8
Let s(n) = 17*n - 130. Let w be s(8). Let g be (-4 - w - -5) + (5 - -3). Let j(p) = p - 5. Calculate j(g).
-2
Let p = 6549 + -6551. Let q(y) = 5*y**2 - 6*y - 8. Calculate q(p).
24
Let g(b) = -b**3 + 54*b**2 + 113*b - 61. Suppose -2403 = -78*r + 1965. Give g(r).
-5
Let i(m) = m**3 - 7*m**2 + m - 1. Let f = 2139 - 2131. What is i(f)?
71
Suppose 5*s + 3 = -x + 2*s, 5*s = 4*x - 5. Suppose 0 = -4*p + 2*t + 8, -5*p + t - 3*t - 8 = x. Let f(j) = -18 + 27 - 15 - 8*j + 7*j. Calculate f(p).
-6
Suppose c - 12*f = -76, 15*f - 18*f = -3*c + 3. Let w(p) = -p**2 + 9*p + 7. What is w(c)?
15
Let a be (-118)/(-15) - (-6)/45. Let y(b) = 3*b - 2*b + a*b - 1. Let w be 3 + (4 - (-3 + 11)). Give y(w).
-10
Let t(h) = h**3 - 3*h**2 + 8*h - 5. Let y be t(2). Suppose 0 = -y*s + 5*s - 3*g - 8, -2*s + 4*g = -20. Let p(u) = -3*u**2 - 2*u. What is p(s)?
-16
Let x(r) = -271*r + 3 + 14 - 275*r - 263*r + 808*r - 2. Let t = -5 - -17. Give x(t).
3
Let u(m) = -m**3 - 19*m**2 - 17*m + 11. Let g = -9629 + 9611. Determine u(g).
-7
Let p(q) = -q**3 - 43*q**2 - 352*q + 6. Let l be p(-11). Let n(g) = g**3 - 7*g**2 + 7. Give n(l).
-29
Suppose -2*u - 3 = -j, -3*u + j + 0 - 2 = 0. Let a be -1 + (-2)/u - (-15 + 5). Let g(q) = 0*q + 6 - a - 17*q. Give g(1).
-18
Suppose -2*w = 2*t + 20, -2*w - 4 - 1 = t. Let a be (280/t)/8*(-2 + -1). Let d(n) = -a*n - 2 - 2*n**3 + 3*n**3 + 2 - 2 - 6*n**2. Give d(7).
-2
Let o(s) = -57 - 12*s + 8*s - 14*s + 25*s. Give o(8).
-1
Let a(d) = 5*d**2 - 21*d + 20. Let f be a(1). Let y(j) be the second derivative of j**5/20 - 5*j**4/12 + 5*j**3/6 + j**2 + 3*j. Give y(f).
6
Let o(x) = 7*x**2 - x. Let d be o(1). Let r(p) = 18*p - 10 - 18*p - 25*p - 19*p + 45*p. What is r(d)?
-4
Let r(x) = 3*x + 11. Let i = -121 - -120. Let g be 14/(i*16/8). What is r(g)?
-10
Let p be (-42)/6*(-1 + 2). Let s(k) = -k**2 + 43. Calculate s(p).
-6
Suppose -4*b + 119 - 107 = 0. Suppose -b*a = 5*l + 10, 0 = 2*l + 4*a - 17 + 7. Let x(q) = q**3 + 7*q**2 + 6*q + 5. Determine x(l).
25
Let c(f) = 1. Let v(t) = -2*t**2 + 1. Let i(m) = -9*m**2 - 7*m + 8. Let a(u) = i(u) - 4*v(u). Let o(d) = a(d) - 3*c(d). Give o(-9).
-17
Let p = 7776 - 7789. Let n(w) = -w**3 - 13*w**2 + 7*w + 16. Calculate n(p).
-75
Let b(q) = -q**2 + 2*q + 4. Let z = 14 + 23. Suppose -4*k = 3*a + z, 26 + 15 = -5*k - 2*a. Let m(u) = 2*u**2 - 3*u - 7. Let x(s) = k*b(s) - 4*m(s). Give x(-4).
-8
Let c(p) = -p**3 + 6*p**2 + 5*p - 3. Let w = -3023 + 3029. What is c(w)?
27
Let s be ((-60)/10)/(6/(-8)). Let n(z) = 660*z**2 - 659*z**2 - s - 14*z + 2*z. Give n(10).
-28
Let m(v) = -v**2 - 7*v + 6. Let i be m(-7). Let a(l) = 8*l**3 - 12*l**2 - 6*l - 6. Let y(q) = q**3 - q**2. Let g(h) = a(h) - 7*y(h). Determine g(i).
-6
Let z(f) = -43 + 5 - f - 9*f + 12 - 55. Calculate z(-9).
9
Let p(o) = 8. Let w(q) = q. Let b(f) = -p(f) - w(f). Let d(j) = 4*j**2 - 13*j + 3. Let x be d(3). Suppose x*a + 5*m = a, 0 = 5*a - m. What is b(a)?
-8
Let w(a) = a**2 - 5. Let u be (-9)/6*742/(-21) + -2. Suppose 0 = -m - 4*f + 59, 2*f - 210 = -4*m - f. Let p = u - m. Give w(p).
-5
Let i = -10 + 19. Let z(b) be the second derivative of 17*b**3/6 + 13*b**2/2 + 20*b - 2. Let w(x) = -4*x - 3. Let a(o) = i*w(o) + 2*z(o). What is a(-3)?
5
Let y(z) = 3 + 14 - 32*z + 2 + 8*z + 757204*z**2 - 757205*z**2. Calculate y(-23).
42
Let p(h) = -48*h - 25 - 248*h + h**2 + 292*h. Give p(12).
71
Let j(k) = -3*k**3 - 5*k**2 - 8*k - 11. Let f(a) = 8*a**3 + 16*a**2 + 20*a + 30. Let x(g) = -4*f(g) - 11*j(g). Let q = 11 - 3. Give x(q).
1
Let k = 1 + 0. Suppose -5*l = 4*x - 20, l + x - 4 = -0*x. Let t(r) = -5*r - k + l - r. Determine t(3).
-15
Suppose 4*z - 6 = j, 31*z - 2 = 33*z - 3*j. Let g(u) = 10*u**3 - 2*u**2 + u + 1. Calculate g(z).
75
Suppose 5 = 4*z + 25*v - 26*v, 2*v = -z - 1. Let q(h) = -4 - 4*h**2 - 3*h**2 + 8*h**3 - 3*h - z + 9*h - 7*h**3. Let r be 8/(-36) - (-112)/18. What is q(r)?
-5
Let x = 18 - 11. Let p(m) = -7*m**2 + 5*m + 3. Let v(k) = -15*k + 81. Let o be v(5). Let f(l) = -6*l**2 + 5*l + 4. Let d(a) = o*f(a) - 5*p(a). What is d(x)?
-5
Let f(b) = b**3 + 5*b**2. Let x be 4/22 + (-60)/(-33). Suppose 4*c = -2*i, x*c - 6 = i - 5*i. Suppose -6 = i*d + 4. Give f(d).
0
Let n(o) = 3*o + 8. Suppose -49*v + 30 = -34*v. Suppose -5*s - 20 = -v*m, 0 = 2*s - 0*m + 5*m + 37. Determine n(s).
-10
Let r(l) = 4*l**3 + l**2 + 2*l - 4. Let i(a) = a**3 - 1. Let b(f) = -5*i(f) + r(f). Let g be -3 - (-100)/8*2. Suppose g = j + 20. Calculate b(j).
1
Let y = -11746 - -11744. Let r(m) = 16*m + 38. Give r(y).
6
Let s(a) = a**2 + 6*a - 6. Let j be 9/3*6/(-6)*59. Let v be 54/(-10) - j/(-295). Determine s(v).
-6
Let z(u) = -u**3 + 8*u**2 + 6. Suppose -22*j - 4200 = -j. Let k = -192 - j. Calculate z(k).
6
Let d(v) = -v + 3. Let s(c) = -6*c - 3. Suppose -21*h + 10*h - 935 = 0. Let o = 84 + h. Let g be s(o). Give d(g).
0
Let h be 3/(((-36)/258)/(-6)). Let q be (-2*32)/(4/8). Let j = q + h. Let w(d) = 13*d**3 - d**2 + d - 1. Determine w(j).
12
Let o(l) = 9*l + 1 + 23 + 2*l**2 + 1 - 13 - 28. What is o(-7)?
19
Suppose 2*s = 5*i + 270, 612 - 72 = 4*s + 2*i. Let t(b) = 130 + 3*b - 2*b - s. Determine t(0).
-5
Suppose 20 = 3*n - 2*z, 0 = 4*z - 16 - 4. Suppose n*b = 7*b - 15. Let g(d) be the third derivative of -d**4/24 - d**3/6 + 27*d**2. Determine g(b).
4
Let d(c) = -c**3 + 11*c**2 - 4*c + 10. Let p(w) = -w**3 + 63*w**2 - 54*w - 485. Let l be p(62). Determine d(l).
-34
Suppose -3*j = -366 + 378. Let x(y) be the first derivative of -y**5/40 - y**4/8 - 2*y**3/3 + 4. Let l(b) be the third derivative of x(b). Give l(j).
9
Let j(x) be the first derivative of -x**3/3 + 11*x**2 + 37*x - 685. Give j(23).
14
Let i(t) = 0*t**2 - 3*t**2 - t**2 - t**2 - 10*t - 26 + 19. Give i(-2).
-7
Let p = 24747 - 24742. Let v(m) = m**3 - 8*m**2 + 5*m + 46. Determine v(p).
-4
Let u(g) = 2*g**2 + 4*g + 7. Let f(p) = -5*p**2 - 9*p - 15. Let b(t) = -4*f(t) - 9*u(t). Let i = -28 - -28. Let n be 1*-5*(6/(-10) + i). Give b(n).
15
Suppose -246 = n - 251. Let s(g) = -g**3 + 6*g**2 - g - 4. Determine s(n).
16
Let x(k) = k**3 - 2*k**2 + k - 3. Let c(o) = 2*o**3 - 3*o**2 + 3*o - 2. Let h(b) = -c(b) + 3*x(b). Calculate h(0).
-7
Let q(w) be the second derivative of -w**3/2 + 3*w**2/2 + 107*w - 4. Determine q(1).
0
Let h(